 358 + h**2. Determine q(28).
3
Let k(a) = a**3 + 8*a**2 + 3*a + 4. Let n(h) = 2*h**3 + 38*h**2 + 179*h - 18. Let b be n(-10). What is k(b)?
-20
Let d(w) = -3*w**3 - 6*w**2 + 28*w + 2. Let t(u) = -4*u**3 - 3*u**2 + 27*u - 1. Let j(x) = 5*d(x) - 4*t(x). Determine j(16).
14
Suppose 18 = 4*p - 3*s, -3*p - 4*s - 1 = -2. Let w(k) be the second derivative of 0*k**2 + 22*k - 1 + 2/3*k**3. Calculate w(p).
12
Let r(h) be the first derivative of 2*h**2 + 55*h + 3598. What is r(-12)?
7
Let k(x) = -x - 15*x**2 - 22 - 7*x**2 + 37*x**2 - 14*x**2. Calculate k(-5).
8
Let c(w) = -2*w**2 + 13*w - 29. Let y be c(3). Let r = -33 + 35. Let l(a) = -r*a - 2 + 8 + 5 + a. Determine l(y).
19
Let q(u) = u**3 + 16*u**2 + 48*u + 757. Let n be q(-16). Let w(m) = 2*m - 20. What is w(n)?
-42
Let m = -1154 - -1154. Let u(n) = -10*n - 3. Calculate u(m).
-3
Let i = 2 - 1. Let k(x) = 21*x - 6. Let u(p) = 25*p - 6. Let n(j) = -4*k(j) + 5*u(j). Let y(r) = -45*r + 7. Let s(m) = 6*n(m) + 5*y(m). Determine s(i).
20
Suppose m = -3*r + 10, -5*r - m - 15 = -33. Suppose -4*y = -r*c - 8, -4*y + 3 = -22*c + 19*c. Let b(v) = -3*v + 4. Calculate b(y).
13
Let c(s) = -8 - 5*s**2 + 218*s - 117*s - s**2 - 109*s + s**3. What is c(7)?
-15
Let w(p) be the third derivative of 31*p**4/24 - 3*p**3 + 8545*p**2. Calculate w(-2).
-80
Let n(y) = 42 + 9*y + y**3 + 74*y - 75*y - 9 + 4*y**2. Determine n(-4).
1
Let p(w) = w**2 - w - 9. Let r = 3398 - 3392. Calculate p(r).
21
Let f(k) = k**2 - 7*k + 5. Let m = 6 - 13. Let n = m - -11. Suppose -5*s + 25 = 3*i, 2*s - 16 = -4*i + n*s. Calculate f(i).
-5
Suppose -36398*z - 208 = -36385*z. Let h(m) = -8*m**2 - 130*m - 31. Calculate h(z).
1
Let y(d) = -10*d**2 + d - 354 + 176 + 9*d**2 + 182. Let l(g) = -2*g**2 + 2*g + 1. Let r be l(2). Let h = r + 3. Give y(h).
4
Let a(v) be the first derivative of -3*v**2/2 + 12*v - 1297. Calculate a(0).
12
Let a(y) = 2*y**2 + 2. Let f(i) = 31*i - 221. Let j be f(7). What is a(j)?
34
Let r(q) = 7*q**3 + 6*q**2 + q - 2. Let i be r(-1). Let f(w) = -w**3 - 5*w**2 - 8*w + 10. Determine f(i).
26
Let a(s) be the second derivative of -s**5/20 - 2*s**4/3 - s**3 + 5*s**2 - 793*s. Let l(j) = -4*j + 1. Let v be l(2). What is a(v)?
3
Let n(c) be the third derivative of 0 + 0*c**4 + 31*c**2 - 2/15*c**5 - 1/120*c**6 - 2/3*c**3 - 2*c. Give n(-8).
-4
Let h(d) = -4 - 102*d**2 - 88*d**2 + 191*d**2 - 7*d. What is h(8)?
4
Let x be (-684)/180 + (-36)/(-20). Let j(t) = t**2 + 4*t + 12. What is j(x)?
8
Let s be (-98)/175*10/(-7) + (-242)/(-10). Let l(y) be the second derivative of s*y + 1/2*y**4 + 0 + 1/20*y**5 + 0*y**3 - 3/2*y**2. Determine l(-6).
-3
Let k(c) = 21 + 0*c**2 + c**2 + 41 + 5*c - 98. What is k(4)?
0
Let x(a) be the second derivative of -a**4/6 - a**3/2 + 20*a**2 - 4599*a. Give x(7).
-79
Let x(j) = -7*j**3 + 2*j**2 + 2*j - 1. Let c be 0 + -6 - (10 + -15). Let v be x(c). Let n(p) = 3*p + 6. What is n(v)?
24
Let x(z) = -z - 17 + 27 - 13. Let m(c) = c + 9. Let i be m(-3). Suppose i*d - d - 5 = -5*h, 5*d = 2*h + 5. Determine x(h).
-3
Suppose -3*l + 4 = -3*p + 1, l = -2. Let y(c) = c - 4. Let z be y(8). Let i(s) = -4*s**2 + 8*s**2 - z + 3*s + s**3 - 2*s**3 + 2*s**3. Calculate i(p).
-4
Let s(i) = -121*i - 4239. Let k be s(-35). Let a(p) = 3*p + 34. Determine a(k).
22
Let u(z) = -5*z - 1. Suppose 31*x - 7*x = 0. Suppose 4*y - 5*t = 18, 2*y + x*t + 3*t = -2. What is u(y)?
-11
Let j = 27 - 159. Let u = -138 - j. Let l(z) = -z**2 - 8*z + 1. What is l(u)?
13
Suppose -2102 + 308 = -6*t. Let j = 306 - t. Let x(v) = -v**3 + 6*v**2 + 4*v + 3. What is x(j)?
-18
Let l(n) be the first derivative of n**4/12 - n**3 - 4*n**2 + 44*n - 82. Let d(m) be the first derivative of l(m). Calculate d(7).
-1
Let n(d) be the second derivative of -d**4/12 + 20*d**3/3 - 349*d**2/2 + 5089*d. Calculate n(27).
2
Let j(i) = -5*i**3 - 2*i**2 - 10*i + 3. Let w(v) = 3*v - v**3 + 2*v**2 - v**2 - 7*v + 1 - 2*v**2 + 2*v. Let m(o) = -j(o) + 4*w(o). Calculate m(2).
5
Let m(t) = 16*t**2 - 19 + 15 + 20*t**2 - 567*t + 562*t. Determine m(-1).
37
Let a(k) = k**3 - 5*k**2 - 176*k - 12. Let s be a(-11). Let p(o) = -12*o - 147. Determine p(s).
-3
Let f(m) = -m**2 + 43*m - 248. Let v be f(7). Let x(l) = -11*l**3 + l**2 + 3*l + 3. Let z(k) = -19*k**3 + k**2 + 5*k + 5. Let a(d) = v*z(d) - 7*x(d). Give a(3).
-4
Let q(w) = -12 + 56*w - 55*w - 3. Let m be q(18). Suppose 0 = m*d + 27 - 21. Let c(f) = 4*f**3 + 2*f**2 - 2*f - 1. Determine c(d).
-21
Let q = 47 + -40. Suppose -5*g + 5*i + 62 = q*i, -2*g + i + 32 = 0. Suppose -13*m = -g*m - 3. Let k(n) = 2*n - 4. Give k(m).
-10
Let z = -3164 - -3167. Let i = 1 + 1. Let h(r) = -2*r**2 + 13*r**i + r - 28*r**z - 12 + 27*r**3. Calculate h(11).
-1
Suppose -4*l = -5*v + v + 8, 0 = -5*l. Let b(f) = f**2 - 1 + 6*f**2 - f - 4*f**v. Determine b(-1).
3
Let x(a) be the third derivative of -5*a**2 - 1/4*a**4 - 1/60*a**5 + 1/3*a**3 + 0*a + 0. Let t(y) = -y**2 - 9*y + 16. Let l be t(-11). Determine x(l).
2
Let v(r) = -7. Let y(u) = 10. Let x(k) = -3*v(k) - 2*y(k). Let a(q) = -q**2 - 6*q - 5. Let t(n) = -a(n) - 4*x(n). Give t(-7).
8
Let d(p) be the third derivative of -p**6/120 + 2*p**5/15 - 7*p**4/24 + p**3/2 - 198*p**2. Suppose 5*u = 0, -5*u + 0*u + 35 = 5*i. Give d(i).
3
Let u(v) = -222*v - 509. Let k(w) = -82*w - 191. Let j(b) = -19*k(b) + 7*u(b). What is j(-15)?
6
Let h(y) be the second derivative of 0*y**3 + y**4 + 1/20*y**5 + y - 5/2*y**2 + 14. What is h(-12)?
-5
Let t(s) be the first derivative of 4*s**2 - 7*s + 185. Let c be 2/(-2*2) - (-3003)/462. Calculate t(c).
41
Let m(w) = -2*w - 934. Let k(f) = -f - 432. Let d(q) = -13*k(q) + 6*m(q). Suppose 0*g = -3*g + 27. Calculate d(g).
21
Let g(s) = -4*s + 6. Suppose 5*w + 2*v = 13 - 6, -3*w = -3*v - 21. Suppose j = w*j - 3*h - 19, j = h + 8. Let a = 10 - j. Calculate g(a).
-14
Let l(n) be the second derivative of -n**3/6 + n**2 + 5397*n. Suppose -4*w - 30 = -2*s, -7*s + 2*s - 4*w = -47. What is l(s)?
-9
Let b(l) = l**2 - l - 7. Suppose 2 = m + 2*m + x, 4 = -m + 2*x. Let r be b(m). Let g(o) be the first derivative of -o**3/3 - 3*o**2 - 4*o + 35. Calculate g(r).
-11
Let k(a) be the second derivative of a**4/12 + 5*a**3/3 + 11*a**2/2 - 43*a. Let b be (-8)/5*(-45)/18. Let v(d) = 2*d - 16. Let m be v(b). Give k(m).
-5
Let a(c) = -29*c - 4. Let m(j) = -14*j - 2. Let p(g) = 4*a(g) - 9*m(g). Let w be (-360)/80 - (-1)/2. What is p(w)?
-38
Let a(j) = 2*j**2 - 3*j - 4. Let d = 42 - 30. Let z be (15/2)/(-5)*d. Let m = z - -22. Determine a(m).
16
Suppose -2*y + 4 = c - 23, -4*y + 52 = 4*c. Suppose y = 2*t + 3*i, -6*t + 5*i + 35 = -t. Let a(h) = -11*h - t - h**3 + 6*h + 3*h - 6*h**2. Determine a(-6).
5
Let i(y) = y - 1. Let a(z) = -3*z**3 + 5*z - 6. Let w(b) = -a(b) + 5*i(b). Let t = -331 - -337. Suppose 3*h - t = 8*g - 5*g, -5 = -h + 2*g. Calculate w(h).
-2
Let v(k) = 9*k**2 - 2*k + 9. Let u(t) = 6*t**2 - 5*t + 5. Let g(r) = -7*r**2 + 6*r - 6. Let j(q) = -4*g(q) - 5*u(q). Let h(i) = 5*j(i) + v(i). Give h(3).
4
Let g(n) = -n**3 + 6*n**2 + 17*n + 1. Let b(s) = 3*s + 65. Let l be b(-11). Suppose -5*i + 14 = -16*c + 19*c, 4*i = 3*c - l. Calculate g(c).
9
Let t(y) be the second derivative of y**4/12 - 12*y**3 + 170*y**2 + 278*y - 12. Determine t(67).
5
Let o(j) = 5 - 4 + 3 - 3*j. Let i = 95 - 91. Let x be ((-10)/(-12) - i/12)*6. Determine o(x).
-5
Let d(i) be the second derivative of -i**4/12 + 5*i**3/6 - 2*i**2 + i. Let s be 78/42*(8 + -1). Suppose -s*m = -55 + 16. What is d(m)?
2
Let c(v) be the third derivative of v**7/1680 + v**6/80 - 11*v**5/30 + v**3/6 + 14*v**2 + v. Let n(q) be the third derivative of c(q). Give n(-7).
-12
Let x(q) = -q**3 + 34*q**2 + 37*q + 7. Let g be x(30). Let n(o) = -7 - 4715*o + 18 + g*o. What is n(-5)?
1
Let d(i) = -9*i**3 - 3*i**2 + i. Let z = -266 + 268. Suppose -2*v - 7 = -o, 4*o - 8*o - 2 = z*v. Give d(o).
-11
Let j(p) = -p - 48 - 4*p + 0*p - 41 + 3*p + 102. Let c(q) = 2*q. Let k be c(3). Determine j(k).
1
Let w(t) be the first derivative of t**5/20 - t**4/2 - 2*t**3/3 + 5*t**2/2 + 204*t + 25. Let k(f) be the first derivative of w(f). Calculate k(6).
-19
Let t(v) = -9*v + 13 - 8 + 5 - 11*v + 0. Determine t(1).
-10
Let l(y) be the first derivative of -y**4/4 + 13*y**3/3 + 8*y**2 + 19*y + 451. Calculate l(14).
47
Let i(l) be the first derivative of 2*l**3/3 - 17*l**2/2 - 13*l - 7053. Determine i(10)